hat is the tens digit of 6003443330?
3
What is the hundred millions digit of 738080378?
7
What is the tens digit of 4324079248?
4
What is the hundred thousands digit of 154527329?
5
What is the tens digit of 2431339683?
8
What is the ten millions digit of 414057356?
1
What is the ten thousands digit of 303351296?
5
What is the tens digit of 92708019?
1
What is the ten thousands digit of 129237232?
3
What is the ten thousands digit of 34033583?
3
What is the thousands digit of 75116534?
6
What is the hundred millions digit of 3719428421?
7
What is the ten millions digit of 251942977?
5
What is the tens digit of 6543093962?
6
What is the units digit of 134987798?
8
What is the thousands digit of 156490245?
0
What is the thousands digit of 108315776?
5
What is the hundreds digit of 1243273445?
4
What is the ten millions digit of 26047024?
2
What is the thousands digit of 5837218436?
8
What is the ten thousands digit of 57133615?
3
What is the hundreds digit of 172632497?
4
What is the hundreds digit of 1036389752?
7
What is the ten millions digit of 93845512?
9
What is the ten thousands digit of 1649892719?
9
What is the hundreds digit of 1364386710?
7
What is the millions digit of 1672129670?
2
What is the hundred thousands digit of 23662931?
6
What is the ten millions digit of 125463600?
2
What is the hundred thousands digit of 189656523?
6
What is the ten millions digit of 30443648?
3
What is the hundred millions digit of 383925095?
3
What is the thousands digit of 43987868?
7
What is the hundred thousands digit of 72790890?
7
What is the hundreds digit of 26112294?
2
What is the thousands digit of 10007021?
7
What is the hundred millions digit of 211393302?
2
What is the millions digit of 26181369?
6
What is the hundred thousands digit of 160291083?
2
What is the billions digit of 1792089229?
1
What is the hundreds digit of 85452206?
2
What is the hundreds digit of 1257455609?
6
What is the ten millions digit of 1336560983?
3
What is the hundreds digit of 16314962?
9
What is the ten millions digit of 261976744?
6
What is the hundred thousands digit of 26990021?
9
What is the thousands digit of 722093531?
3
What is the millions digit of 21797935?
1
What is the units digit of 7499902180?
0
What is the hundred millions digit of 195346795?
1
What is the tens digit of 42010973?
7
What is the hundred millions digit of 1806363468?
8
What is the ten millions digit of 13397318?
1
What is the hundred millions digit of 117631151?
1
What is the thousands digit of 4672334561?
4
What is the tens digit of 3791654219?
1
What is the hundred millions digit of 3119688174?
1
What is the units digit of 799845494?
4
What is the ten thousands digit of 1825591019?
9
What is the units digit of 10209602?
2
What is the thousands digit of 23657001?
7
What is the hundreds digit of 7061124?
1
What is the ten thousands digit of 592445741?
4
What is the units digit of 1719495990?
0
What is the units digit of 659520159?
9
What is the hundreds digit of 88850812?
8
What is the hundreds digit of 1982905905?
9
What is the tens digit of 106547390?
9
What is the tens digit of 776977932?
3
What is the hundred millions digit of 594246281?
5
What is the ten thousands digit of 622559132?
5
What is the ten millions digit of 37349581?
3
What is the tens digit of 8557593319?
1
What is the thousands digit of 49826129?
6
What is the units digit of 306415777?
7
What is the units digit of 2205645342?
2
What is the thousands digit of 897328980?
8
What is the tens digit of 40942213?
1
What is the hundred thousands digit of 1753460157?
4
What is the hundred millions digit of 4328128645?
3
What is the millions digit of 501427988?
1
What is the ten millions digit of 61507625?
6
What is the billions digit of 1534682664?
1
What is the hundred millions digit of 3440245403?
4
What is the ten thousands digit of 6957510?
5
What is the hundred thousands digit of 13373668?
3
What is the thousands digit of 100735776?
5
What is the ten millions digit of 42559143?
4
What is the tens digit of 238522133?
3
What is the ten millions digit of 90411640?
9
What is the billions digit of 3859607289?
3
What is the units digit of 630622598?
8
What is the ten millions digit of 219365361?
1
What is the ten thousands digit of 71034188?
3
What is the millions digit of 136317624?
6
What is the ten thousands digit of 105367623?
6
What is the hundreds digit of 47271340?
3
What is the hundreds digit of 190699648?
6
What is the ten millions digit of 51161532?
5
What is the billions digit of 1362348172?
1
What is the hundred millions digit of 256685914?
2
What is the thousands digit of 50477780?
7
What is the millions digit of 4455522053?
5
What is the hundred thousands digit of 223115217?
1
What is the hundred millions digit of 2876225855?
8
What is the billions digit of 2656406354?
2
What is the thousands digit of 1162255670?
5
What is the ten millions digit of 1725178489?
2
What is the millions digit of 484715846?
4
What is the ten thousands digit of 305095687?
9
What is the tens digit of 48797995?
9
What is the ten thousands digit of 230235086?
3
What is the millions digit of 147175952?
7
What is the tens digit of 201892799?
9
What is the units digit of 3545361258?
8
What is the hundred thousands digit of 300351425?
3
What is the thousands digit of 1880095587?
5
What is the thousands digit of 450758012?
8
What is the hundred millions digit of 500372420?
5
What is the ten millions digit of 291258658?
9
What is the tens digit of 17743720?
2
What is the units digit of 502686285?
5
What is the ten thousands digit of 902316795?
1
What is the ten thousands digit of 43687354?
8
What is the thousands digit of 184755099?
5
What is the hundreds digit of 236881217?
2
What is the millions digit of 496689325?
6
What is the hundreds digit of 44971782?
7
What is the ten thousands digit of 292681758?
8
What is the hundred thousands digit of 118902883?
9
What is the tens digit of 96980154?
5
What is the units digit of 24562181?
1
What is the ten millions digit of 42016339?
4
What is the units digit of 86530288?
8
What is the thousands digit of 2143831249?
1
What is the thousands digit of 27730782?
0
What is the tens digit of 8200783?
8
What is the millions digit of 243555499?
3
What is the tens digit of 2593346354?
5
What is the ten thousands digit of 2637181873?
8
What is the units digit of 2155462399?
9
What is the hundred thousands digit of 38542822?
5
What is the units digit of 92812388?
8
What is the ten thousands digit of 5457081?
5
What is the hundreds digit of 1478530748?
7
What is the hundreds digit of 274704184?
1
What is the ten millions digit of 970267453?
7
What is the tens digit of 169168024?
2
What is the ten millions digit of 2022557683?
2
What is the thousands digit of 399224851?
4
What is the ten millions digit of 3766318836?
6
What is the millions digit of 2529447871?
9
What is the thousands digit of 19242382?
2
What is the ten millions digit of 34330141?
3
What is the thousands digit of 1729864996?
4
What is the thousands digit of 264880740?
0
What is the hundred millions digit of 2187819130?
1
What is the hundreds digit of 855778876?
8
What is the ten thousands digit of 3197784847?
8
What is the thousands digit of 112010253?
0
What is the millions digit of 83573607?
3
What is the millions digit of 5489457986?
9
What is the hundred thousands digit of 480858315?
8
What is the ten thousands digit of 19661698?
6
What is the hundreds digit of 689960045?
0
What is the thousands digit of 305317392?
7
What is the hundreds digit of 130320456?
4
What is the millions digit of 170775692?
0
What is the hundred millions digit of 1323119983?
3
What is the ten millions digit of 327249916?
2
What is the units digit of 26069847?
7
What is the thousands digit of 1342593496?
3
What is the hundred thousands digit of 1944438393?
4
What is the units digit of 6765271383?
3
What is the units digit of 438611461?
1
What is the hundred thousands digit of 912465431?
4
What is the thousands digit of 187888447?
8
What is the billions digit of 1732933990?
1
What is the units digit of 31931530?
0
What is the millions digit of 133578189?
3
What is the thousands digit of 9053746?
3
What is the ten millions digit of 17546485?
1
What is the units digi